e 13, what is 7 - 30b?
-304
In base 16, what is 1 + -40f?
-40e
In base 8, what is -65 + -12?
-77
In base 15, what is 52 + -a?
47
In base 14, what is -4 - -10?
a
In base 13, what is 3 - 1718?
-1715
In base 2, what is -111101 - 11?
-1000000
In base 7, what is -626 - 25?
-654
In base 4, what is -2121 - -2?
-2113
In base 4, what is 1 - 222?
-221
In base 4, what is 21303 - 2?
21301
In base 3, what is 2 - -100011102?
100011111
In base 11, what is 4 - 39?
-35
In base 7, what is -10166 - -3?
-10163
In base 2, what is -101 - -11110010?
11101101
In base 2, what is -111 - -101000?
100001
In base 15, what is -8 + -15?
-1d
In base 6, what is -1131 + -2?
-1133
In base 10, what is -1 + -485?
-486
In base 10, what is 1042 + -2?
1040
In base 6, what is -1 + -102?
-103
In base 3, what is 112202 + -10?
112122
In base 7, what is -21 + 160?
136
In base 11, what is 4 + 52?
56
In base 16, what is 5 + -593?
-58e
In base 12, what is -613 - -14?
-5bb
In base 15, what is -1628 - -3?
-1625
In base 7, what is 32505 - 2?
32503
In base 7, what is -5 + 24?
16
In base 7, what is -12612 - -1?
-12611
In base 7, what is -1432 + -5?
-1440
In base 3, what is 1 - -21?
22
In base 9, what is 64 - 138?
-64
In base 11, what is 139 + -6?
133
In base 5, what is -3 - 1110?
-1113
In base 7, what is -11 - 64?
-105
In base 3, what is -11121 + 2222?
-1122
In base 3, what is -210 - 11221?
-12201
In base 12, what is 3 + -511?
-50a
In base 16, what is 61 - -87?
e8
In base 4, what is 10000 - -110?
10110
In base 10, what is 1 + 380?
381
In base 14, what is -1079 + 5?
-1074
In base 16, what is 4 - dd8?
-dd4
In base 11, what is -3 - 142?
-145
In base 5, what is 12 - 2041?
-2024
In base 8, what is 3 + 21?
24
In base 12, what is -193 + -52?
-225
In base 5, what is 2 + -4312?
-4310
In base 9, what is -170 - -3?
-166
In base 4, what is 3 - -33033?
33102
In base 7, what is -6 + 23?
14
In base 4, what is -1 + -1011?
-1012
In base 3, what is -2 + 1120221?
1120212
In base 15, what is -2 - -19b?
199
In base 9, what is 101 - 13?
77
In base 7, what is 0 - -632?
632
In base 16, what is -18 + -15?
-2d
In base 10, what is 1754 + -9?
1745
In base 16, what is 38b - -24?
3af
In base 10, what is 42 + -18?
24
In base 12, what is -53 + 23?
-30
In base 14, what is -1132 + 3?
-112d
In base 8, what is 3 - -542?
545
In base 4, what is -112 + -120?
-232
In base 2, what is -101001 + 11001?
-10000
In base 5, what is 0 + 13241?
13241
In base 12, what is 370 - -4?
374
In base 12, what is 86 - 0?
86
In base 7, what is 1501 + -6?
1462
In base 10, what is 1 + 69?
70
In base 12, what is 155 - 3?
152
In base 11, what is 778 - -4?
781
In base 6, what is -1303 - 11?
-1314
In base 5, what is 1140 - -1124?
2314
In base 4, what is 0 - 132233?
-132233
In base 14, what is a20 + 5?
a25
In base 4, what is -1131 + 20?
-1111
In base 15, what is 3 + -43?
-40
In base 12, what is 4 - 60?
-58
In base 13, what is 3 + 21?
24
In base 4, what is -21 - -20102?
20021
In base 10, what is 17308 + 3?
17311
In base 13, what is -371 - 3?
-374
In base 14, what is 3c + a?
48
In base 9, what is 7 - 81?
-73
In base 9, what is 1224 + 2?
1226
In base 12, what is bb - 2?
b9
In base 12, what is -26 - 50?
-76
In base 3, what is 12222 - -20200?
110122
In base 13, what is 3 - -282?
285
In base 9, what is -26 - -10?
-16
In base 8, what is -6 + 6?
0
In base 13, what is -52b + -2a?
-558
In base 9, what is 3 + 37?
41
In base 16, what is a0 - 1f?
81
In base 15, what is -10 - -6?
-9
In base 12, what is -3 + -148?
-14b
In base 7, what is 2 + -3545?
-3543
In base 7, what is 25125 - -4?
25132
In base 9, what is 5 + 71?
76
In base 12, what is -3 - 77?
-7a
In base 10, what is -159 + 44?
-115
In base 3, what is 1 + 122202?
122210
In base 14, what is -5 - -17d?
178
In base 15, what is -355 - -5?
-350
In base 5, what is -343333 - 2?
-343340
In base 11, what is -136 - 10?
-146
In base 13, what is -c + 26?
17
In base 11, what is 132 + 4?
136
In base 15, what is 23 - -d?
31
In base 4, what is 0 - -1000?
1000
In base 14, what is 408 - 5?
403
In base 13, what is a4 - -49?
120
In base 15, what is 57d - -3?
581
In base 4, what is 0 + -1330?
-1330
In base 2, what is -111 - 10000110?
-10001101
In base 5, what is -124 - 10?
-134
In base 14, what is 4 - 127?
-123
In base 14, what is -8c - -38?
-54
In base 8, what is -125 + -30?
-155
In base 6, what is 22 + -20?
2
In base 11, what is 10 - -89?
99
In base 11, what is 2 + -69?
-67
In base 4, what is -23 - 230?
-313
In base 14, what is 10d - a?
103
In base 9, what is 0 + 285?
285
In base 6, what is -34010 + -5?
-34015
In base 13, what is -4 + 9b2?
9ab
In base 16, what is -6a1 + 0?
-6a1
In base 7, what is 10 + -100?
-60
In base 14, what is 5 + -16?
-11
In base 12, what is 2 - -3391?
3393
In base 7, what is 124 + -2?
122
In base 9, what is -41 - -11?
-30
In base 4, what is 103311 - 10?
103301
In base 6, what is 2453 + -25?
2424
In base 9, what is 0 - -57?
57
In base 10, what is 11885 - -5?
11890
In base 16, what is -5 - e38?
-e3d
In base 13, what is 3 + -80?
-7a
In base 4, what is 112223 - -10?
112233
In base 11, what is -51 - -5?
-47
In base 11, what is -8 + 3?
-5
In base 15, what is -6 - -6?
0
In base 3, what is -11210 + -1?
-11211
In base 8, what is -5 + -1440?
-1445
In base 4, what is 1 - 1112?
-1111
In base 6, what is 10 - 2?
4
In base 10, what is 385 + 3?
388
In base 7, what is -104 - 300?
-404
In base 3, what is -212 + 122?
-20
In base 16, what is 18 + 35?
4d
In base 14, what is c - 1b?
-d
In base 13, what is -2 - 2a?
-2c
In base 12, what is 0 - 22?
-22
In base 16, what is -2 - 9?
-b
In base 12, what is -a - 1a?
-28
In base 5, what is 120440 - 0?
120440
In base 11, what is -2 - -3273?
3271
In base 10, what is -23 + 5?
-18
In base 13, what is 61b + 5?
623
In base 11, what is 72 - -3?
75
In base 13, what is -8948 - 0?
-8948
In base 13, what is -917 + -4?
-91b
In base 4, what is 130 + -223?
-33
In base 8, what is 14 - 200?
-164
In base 14, what is 15 + -22?
-b
In base 12, what is 1 + 3?
4
In base 15, what is 1 - ce?
-cd
In base 16, what is 37 + 8?
3f
In base 13, what is -24 - 1b?
-42
In base 9, what is 225 - -65?
301
In base 12, what is -3 - -1b6?
1b3
In base 3, what is -111210112 - 2?
-111210121
In base 7, what is 3126 + 0?
3126
In base 16, what is 2b + -e5?
-ba
In base 15, what is 16d + -a?
163
In base 7, what is 620 + -13?
604
In base 16, what is 2 - -172?
174
In base 10, what is 1 - -67?
68
In base 13, what is -4a + -5?
-52
In base 7, what is 1551 + -11?
1540
In base 4, what is -11102 + 1010?
-10032
In base 16, what is 5 + 4c?
51
In base 7, what is -12 - -22?
10
In base 16, what is 27f + 7?
286
In base 13, what is 67 - -5?
6c
In base 6, what is -35332 + 0?
-35332
In base 10, what is 57 - -4?
61
In base 13, what is -255 - -13?
-242
In base 9, what is -2418 - -3?
-2415
In base 7, what is -2 + 10422?
10420
In base 2, what is -11 + -1100111111?
-1101000010
In base 14, what is 2 - 243?
-241
In base 10, what is 3 + -764?
-761
In base 13, what is 2a0 + 13?
2b3
In base 14, what is -5 + -20?
-25
In base 5, what is -4 - 2000?
-2004
In base 11, what is -6 + -4?
-a
In base 6, what is 3103 - -2?
3105
In base 4, what is -11 - -120?
103
In base 5, what is -211 - -1?
-210
In base 15, what is -24 - d?
-32
In base 5, what is 14 + 1440?
2004
In base 3, what is 12 - -10010?
10022
In base 4, what is 2 + -12000?
-11332
In base 16, what is -2 + -29?
-2b
In base 12, what is 1605 + -3?
1602
In base 8, what is -173 + 10?
-163
In base 9, what is 2672 + 2?
2674
In base 6, what is -12 - -50?
34
In base 14, what is 133 - 5?
12c
In base 10, what is -238 - -6?
-232
In base 6, what is 32 + 14?
50
In base 11, what is 16 + -7?
a
In base 12, what is -276 - 2?
-278
In base 6, what is 1440 + -5?
1431
In base 15, what is -d4d - -4?
-d49
In base 2, what is -111 - -1000100?
111101
In base 12, what is -149 - -4?
-145
In base 5, what is -30 + -1?
-31
In base 16, what is -6a - 2?
-6c
In base 7, what is 152 - -3?
155
In base 2, what is -111110111111 + 11?
-111110111100
In base 15, what is -21e + 3?
-21b
In base 10, what is -390 + 18?
-372
In base 12, what is -19b + 2?
-199
In base 15, what is -2 - -37?
35
In base 13, what is 50 - 4?
49
In base 11, what is -3 - -715?
712
In base 5, what is 1140 - -2?
1142
In base 16, what is 8 - -ae?
b6
In base 12, what is -1 - -76?
75
In base 15, 